180?
6
What is the tens digit of 618638610?
1
What is the billions digit of 1882672047?
1
What is the ten thousands digit of 46846475?
4
What is the hundreds digit of 49545369?
3
What is the ten thousands digit of 26519780?
1
What is the units digit of 200035246?
6
What is the thousands digit of 344479337?
9
What is the thousands digit of 830850561?
0
What is the tens digit of 77652058?
5
What is the tens digit of 168505311?
1
What is the units digit of 218272833?
3
What is the thousands digit of 676365921?
5
What is the ten millions digit of 44894901?
4
What is the tens digit of 108823555?
5
What is the ten millions digit of 92177098?
9
What is the millions digit of 1574854172?
4
What is the tens digit of 187841952?
5
What is the millions digit of 1047795216?
7
What is the thousands digit of 448207131?
7
What is the billions digit of 1288250329?
1
What is the tens digit of 285430752?
5
What is the ten millions digit of 316766811?
1
What is the hundred millions digit of 575546063?
5
What is the units digit of 164486277?
7
What is the thousands digit of 55288333?
8
What is the thousands digit of 209243872?
3
What is the thousands digit of 143953318?
3
What is the millions digit of 55442367?
5
What is the hundred thousands digit of 16105332?
1
What is the hundreds digit of 93329055?
0
What is the thousands digit of 881201773?
1
What is the tens digit of 85019156?
5
What is the millions digit of 66948198?
6
What is the ten thousands digit of 17738205?
3
What is the millions digit of 228264574?
8
What is the tens digit of 229980012?
1
What is the hundred millions digit of 6129090602?
1
What is the hundreds digit of 453998595?
5
What is the billions digit of 2672674010?
2
What is the units digit of 1954429003?
3
What is the ten millions digit of 25268632?
2
What is the hundreds digit of 777453204?
2
What is the hundreds digit of 4588655139?
1
What is the thousands digit of 216502901?
2
What is the thousands digit of 1764659281?
9
What is the units digit of 29582590?
0
What is the thousands digit of 1999410835?
0
What is the tens digit of 388426973?
7
What is the hundreds digit of 1620714790?
7
What is the units digit of 18517414?
4
What is the ten millions digit of 3972197729?
7
What is the hundred thousands digit of 423607963?
6
What is the ten thousands digit of 4658365?
5
What is the ten thousands digit of 52569323?
6
What is the hundred millions digit of 734880873?
7
What is the tens digit of 9898856?
5
What is the thousands digit of 2144493080?
3
What is the millions digit of 681154086?
1
What is the tens digit of 8003412?
1
What is the units digit of 2796811955?
5
What is the ten millions digit of 283066979?
8
What is the hundreds digit of 200083605?
6
What is the units digit of 27574807?
7
What is the units digit of 2473060286?
6
What is the millions digit of 2075477306?
5
What is the tens digit of 230517456?
5
What is the hundreds digit of 115553183?
1
What is the hundred thousands digit of 22661918?
6
What is the thousands digit of 57944165?
4
What is the thousands digit of 7189674?
9
What is the units digit of 283715217?
7
What is the millions digit of 45562825?
5
What is the tens digit of 89220535?
3
What is the ten thousands digit of 4430184889?
8
What is the millions digit of 45941051?
5
What is the units digit of 1278272581?
1
What is the hundred thousands digit of 792875746?
8
What is the hundreds digit of 3438731154?
1
What is the ten thousands digit of 154916358?
1
What is the units digit of 28109985?
5
What is the hundred thousands digit of 597245527?
2
What is the ten millions digit of 722304020?
2
What is the ten millions digit of 55188854?
5
What is the units digit of 62640521?
1
What is the hundred thousands digit of 86170369?
1
What is the hundreds digit of 3154054634?
6
What is the hundreds digit of 630313495?
4
What is the thousands digit of 73496569?
6
What is the thousands digit of 32658445?
8
What is the hundred millions digit of 1230462571?
2
What is the hundred millions digit of 675534874?
6
What is the ten millions digit of 7680338986?
8
What is the tens digit of 267536543?
4
What is the hundred thousands digit of 36029223?
0
What is the millions digit of 104180023?
4
What is the tens digit of 106841497?
9
What is the tens digit of 851166085?
8
What is the ten thousands digit of 1183347676?
4
What is the millions digit of 9033577715?
3
What is the ten millions digit of 257856445?
5
What is the units digit of 271290015?
5
What is the tens digit of 396223211?
1
What is the hundreds digit of 2353678018?
0
What is the billions digit of 1389411966?
1
What is the hundreds digit of 36948084?
0
What is the millions digit of 35866540?
5
What is the hundreds digit of 347200676?
6
What is the millions digit of 42434403?
2
What is the hundreds digit of 1104127266?
2
What is the millions digit of 55117026?
5
What is the ten millions digit of 12712997?
1
What is the ten thousands digit of 148588214?
8
What is the units digit of 1853396290?
0
What is the millions digit of 307754994?
7
What is the ten thousands digit of 3063595348?
9
What is the thousands digit of 32082330?
2
What is the hundreds digit of 120027079?
0
What is the thousands digit of 644804012?
4
What is the hundreds digit of 853929794?
7
What is the ten thousands digit of 41738428?
3
What is the units digit of 95974778?
8
What is the tens digit of 449487443?
4
What is the ten millions digit of 134937806?
3
What is the millions digit of 31454745?
1
What is the ten thousands digit of 698620990?
2
What is the tens digit of 3952861675?
7
What is the tens digit of 14908050?
5
What is the thousands digit of 120599830?
9
What is the ten thousands digit of 457005106?
0
What is the units digit of 368191988?
8
What is the thousands digit of 596050810?
0
What is the hundreds digit of 264278020?
0
What is the ten millions digit of 124177718?
2
What is the hundred millions digit of 278628456?
2
What is the units digit of 212534001?
1
What is the ten thousands digit of 181051852?
5
What is the tens digit of 593642987?
8
What is the ten millions digit of 211401822?
1
What is the tens digit of 57698702?
0
What is the units digit of 89126438?
8
What is the ten millions digit of 116957475?
1
What is the hundreds digit of 48465111?
1
What is the thousands digit of 493294100?
4
What is the hundred thousands digit of 412141425?
1
What is the hundred thousands digit of 17471277?
4
What is the thousands digit of 335309671?
9
What is the ten millions digit of 195960698?
9
What is the ten millions digit of 952265007?
5
What is the ten thousands digit of 1371941390?
4
What is the ten millions digit of 8890423058?
9
What is the tens digit of 171409222?
2
What is the hundred thousands digit of 78863538?
8
What is the units digit of 56503551?
1
What is the hundreds digit of 59298373?
3
What is the hundred millions digit of 1300839091?
3
What is the thousands digit of 11363788?
3
What is the thousands digit of 449206603?
6
What is the units digit of 499824965?
5
What is the hundred thousands digit of 1451114130?
1
What is the hundred millions digit of 3729407481?
7
What is the tens digit of 6427900375?
7
What is the millions digit of 44442205?
4
What is the hundreds digit of 89332196?
1
What is the units digit of 57907987?
7
What is the hundred thousands digit of 1270783934?
7
What is the hundred millions digit of 125907400?
1
What is the ten millions digit of 313086573?
1
What is the ten millions digit of 1970537773?
7
What is the units digit of 11292218?
8
What is the units digit of 124302233?
3
What is the hundred thousands digit of 45573538?
5
What is the hundred thousands digit of 664019391?
0
What is the millions digit of 7095091?
7
What is the millions digit of 231287916?
1
What is the ten millions digit of 597950885?
9
What is the hundred millions digit of 141257255?
1
What is the hundred millions digit of 4087019967?
0
What is the hundreds digit of 1959499814?
8
What is the ten thousands digit of 137659979?
5
What is the thousands digit of 50994806?
4
What is the hundred thousands digit of 42384586?
3
What is the tens digit of 730765949?
4
What is the ten thousands digit of 281020372?
2
What is the tens digit of 245992209?
0
What is the tens digit of 386321658?
5
What is the millions